is j(-5)?
2
Let w(l) = -9*l**2 + 2*l. Calculate w(0).
0
Let h(k) = -k**2 - 14*k + 37. Give h(-16).
5
Let i(y) = y**2 - 2*y - 5. Determine i(4).
3
Let y(t) = t**2 - 12*t + 10. Calculate y(10).
-10
Let l(w) = w**2 - 6*w - 1. Calculate l(5).
-6
Let v(y) = -y**3 - 10*y**2 - 2*y - 6. Calculate v(-10).
14
Let n(x) = -x**2 + 16*x + 21. Give n(17).
4
Let a(i) = 3*i - 20. Determine a(9).
7
Let x(g) = 24*g - 132. Give x(6).
12
Let c(x) = -3*x**2 - 116*x + 268. Give c(-41).
-19
Let u(o) = 2*o**2 + 17*o - 11. Give u(-9).
-2
Let f(m) = 112*m**3 + 2*m - 1. Calculate f(1).
113
Let i(m) = m**3 - m**2 - m - 38. Determine i(0).
-38
Let g(k) = 4*k - 8. Give g(-6).
-32
Let z(r) = -r**3 + 5*r**2 - 5*r + 3. Calculate z(4).
-1
Let q(a) = -13*a - 56. Calculate q(-5).
9
Let b(k) = k**2 + 29*k + 10. Calculate b(-24).
-110
Let x(w) = w**3 - 50*w - 3. Determine x(7).
-10
Let x(g) = -82*g + 2129. Calculate x(26).
-3
Let i(b) = -b**2 - 14*b - 28. Calculate i(-11).
5
Let b(l) = l + 36. Calculate b(0).
36
Let u(x) = -x**2 + 3*x + 7. Give u(9).
-47
Let f(a) = a**3 + 24*a**2 + 23*a + 2. What is f(-23)?
2
Let p(d) = 3*d**3 - 141*d**2 - 146*d + 94. Calculate p(48).
-2
Let r(w) = -w**3 + 7*w**2 + 8*w - 23. Determine r(7).
33
Let l(k) = k**2 + 4*k - 44. Give l(-9).
1
Let z(r) = r**3 + 2*r**2 + 5. Determine z(-3).
-4
Let v(p) = -p**2 - 6*p - 1. Calculate v(-4).
7
Let p(z) = -4*z + 35. Give p(8).
3
Let f(x) = 8*x + 60. What is f(-12)?
-36
Let t(s) = s**3 - 13*s**2 + 14*s - 25. What is t(12)?
-1
Let m(w) = -9*w - 124. Calculate m(-10).
-34
Let z(r) = 13*r + 1. Calculate z(-9).
-116
Let d(s) = -4*s - 5. What is d(-2)?
3
Let w(m) = 55*m + 457. Determine w(-8).
17
Let l(r) = 7*r + 18. Calculate l(-7).
-31
Let l(s) = s**3 - 19*s**2 + 27*s - 11. Calculate l(18).
151
Let d(t) = t**3 + 9*t**2 + 7*t + 6. What is d(-8)?
14
Let n(h) = 3*h**3 + 2*h**2 + h + 1. Calculate n(-1).
-1
Let s(q) = -q**3 - q**2 + 6*q - 1. Determine s(0).
-1
Let o(k) = k - 12. Calculate o(-4).
-16
Let q(w) = -7*w + 26. Give q(-6).
68
Let v(j) = j**3 + 6*j**2 - 13*j + 18. What is v(-8)?
-6
Let x(s) = s + 7. Calculate x(-5).
2
Let r(x) = -x**3 - 5*x**2 + 3*x + 4. Determine r(-3).
-23
Let d(s) = 8*s**3 + s**2 - 2*s + 1. Calculate d(1).
8
Let n(b) = -48*b + 920. Calculate n(19).
8
Let d(v) = -v**3 - 4*v**2 - 3*v. What is d(-5)?
40
Let i(f) = -f**2 - 5*f + 14. Give i(-10).
-36
Let b(p) = -10*p - 50. Give b(-6).
10
Let x(i) = -3*i**3 + i**2 - 2. Give x(-1).
2
Let y(i) = -i**2 - 5*i + 9. Determine y(2).
-5
Let w(c) = 2*c**2 - 8*c + 5. Give w(4).
5
Let g(x) = x**3 + 6*x**2 + 5*x + 8. What is g(-6)?
-22
Let m(j) = -4*j**2 + 6*j + 16. Determine m(4).
-24
Let z(p) = -p**3 + 6*p**2 - 3*p + 6. Give z(4).
26
Let l(s) = -3*s**2 + 4*s - 1. Give l(3).
-16
Let i(v) = -v + 3. What is i(-3)?
6
Let l(a) = -2*a**3 + 21*a**2 - 25*a - 15. What is l(9)?
3
Let s(q) = -2*q**3 - 9*q**2 + 10*q + 31. What is s(-5)?
6
Let i(b) = 3*b**2 + 2*b - 3. Give i(-2).
5
Let c(q) = q**3 + 12*q**2 + 13*q. What is c(-11)?
-22
Let t(u) = u**2 + 7*u + 3. Calculate t(-6).
-3
Let m(d) = -36*d - 2. Calculate m(1).
-38
Let o(l) = 2*l - 34. What is o(17)?
0
Let k(q) = q**2 - 21*q - 1. Calculate k(11).
-111
Let l(s) = -6*s**3 - 3*s**2 - 14*s + 16. What is l(1)?
-7
Let h(g) = 7*g - 116. Calculate h(19).
17
Let z(k) = 13*k - 15. Determine z(2).
11
Let o(m) = m**3 - 2*m**2 - 20*m + 60. Calculate o(3).
9
Let g(b) = 32*b. Calculate g(1).
32
Let x(v) = -v - 8. Give x(0).
-8
Let u(f) = 2*f**2 - 33*f - 28. Give u(17).
-11
Let d(w) = -w - 16. What is d(-8)?
-8
Let h(z) = 11*z - 22. Determine h(6).
44
Let w(l) = 2*l**2 + 13*l + 49. Determine w(-6).
43
Let q(h) = -5*h**2 - h + 4. Determine q(-3).
-38
Let w(x) = -4*x**2 - 4*x + 22. Determine w(-5).
-58
Let f(j) = j**3 + 8*j**2 - 13*j - 11. What is f(-9)?
25
Let b(a) = -2*a**3 + 11*a**2 - 8*a - 5. Give b(6).
-89
Let o(m) = 16*m - 110. Determine o(7).
2
Let k(j) = j**2 - 20*j + 37. Calculate k(6).
-47
Let g(l) = l**2 - 22*l + 22. Calculate g(14).
-90
Let f(u) = -7*u + 6. What is f(11)?
-71
Let k(a) = 2*a**3 + 3*a**2 + 4*a + 7. What is k(-2)?
-5
Let f(y) = -y**3 - 3*y**2 - 3*y + 4. What is f(-4)?
32
Let s(b) = b**3 - 7*b**2 + 7*b + 4. Determine s(6).
10
Let i(u) = -u + 9. What is i(7)?
2
Let b(w) = w - 9. Determine b(10).
1
Let x(n) = -2*n - 7. Calculate x(3).
-13
Let x(l) = -l**2 + 7*l + 7. Give x(8).
-1
Let v(l) = -l**3 + 5*l**2 - 10*l + 8. Determine v(4).
-16
Let l(d) = d + 10. Give l(8).
18
Let t(f) = -7*f**2 - 102*f + 48. Determine t(-15).
3
Let w(g) = -9*g - 2. What is w(4)?
-38
Let m(j) = -2*j**3 + 92*j**2 + j - 34. Give m(46).
12
Let d(p) = -p**3 + 7*p**2 + 17*p + 11. Determine d(9).
2
Let u(y) = y**3 + 12*y**2 + 8*y + 5. Give u(-11).
38
Let q(t) = -2*t**2 - 16*t. Calculate q(-11).
-66
Let c(v) = 10*v - 6. Determine c(-4).
-46
Let a(s) = -6*s - 2. What is a(-4)?
22
Let p(w) = -2*w - 52. Give p(-24).
-4
Let w(r) = 3*r**3 - 11*r - 11. Determine w(-1).
-3
Let i(k) = k**3 - 8*k**2 + 11*k + 8. Give i(6).
2
Let h(m) = 7*m - 10. Give h(4).
18
Let v(t) = t**2 - 16*t - 2. Give v(16).
-2
Let t(z) = -z**3 + 5*z**2 + 5*z + 7. Determine t(6).
1
Let p(g) = g**2 + 7*g - 4. Calculate p(5).
56
Let m(q) = -7*q - 5. Give m(-5).
30
Let g(q) = -q**2 - 2*q + 55. Calculate g(6).
7
Let s(x) = -x**2 + 15*x + 10. Determine s(16).
-6
Let m(y) = y**3 + 13*y**2 + 10*y - 25. Determine m(-12).
-1
Let m(l) = -l + 4. Determine m(4).
0
Let p(d) = -4*d - 3. What is p(-8)?
29
Let k(f) = -2*f**3 + f**2. Give k(-1).
3
Let z(n) = 2*n**3 - 20*n**2 + 14*n + 3. Give z(9).
-33
Let v(n) = -2*n**2 + 5*n + 71. Calculate v(-5).
-4
Let m(c) = -3*c**2 + 110*c + 41. What is m(37)?
4
Let o(i) = -4*i - 4. Give o(-4).
12
Let n(k) = -k - 18. What is n(-12)?
-6
Let y(b) = b**2 - 29*b + 31. What is y(28)?
3
Let t(r) = -r**3 - 4*r**2 + 8*r + 9. Give t(-6).
33
Let r(j) = 2*j**2 + 5*j + 6. Calculate r(-7).
69
Let v(u) = -u**3 - u**2 - 2*u + 3. Give v(2).
-13
Let u(c) = -c**2 + 25*c + 40. What is u(27)?
-14
Let o(i) = -i**2 + 16*i - 49. Give o(5).
6
Let j(h) = -2*h**2 - 5*h - 3. Calculate j(-3).
-6
Let k(r) = -8*r**3 - 3*r**2 + 2. Give k(-2).
54
Let n(y) = 9*y - 27. Give n(4).
9
Let m(u) = u**3 + 13*u**2 + 21*u - 10. What is m(-11)?
1
Let o(u) = 2*u**2 - 6*u + 6. Determine o(4).
14
Let h(y) = -7*y + 75. Give h(25).
-100
Let j(l) = -39*l - 225. Determine j(-6).
9
Let r(t) = 4*t**2 - 38*t + 48. Give r(8).
0
Let t(s) = 2*s**3 - s + 2. Calculate t(2).
16
Let y(d) = d**2 + 4*d + 1. Calculate y(-6).
13
Let n(k) = -2*k**3 + 38*k**2 - 37*k + 10. Give n(18).
-8
Let k(l) = -l + 3. Determine k(-11).
14
Let j(i) = 7*i**3 - 2*i**2 + 1. Determine j(-1).
-8
Let l(z) = z**3 + 6*z**2 + 6*z + 11. What is l(-5)?
6
Let p(j) = 9*j**2 + 2*j - 1. Calculate p(2).
39
Let t(w) = 61*w - 40. Calculate t(-1).
-101
Let d(k) = -5*k + 11. Determine d(5).
-14
Let j(w) = -18*w - 107. What is j(-6)?
1
Let o(s) = -s**3 + 16*s**2 + 19*s - 15. What is o(17)?
19
Let w(a) = 3*a - 43. Calculate w(14).
-1
Let x(g) = -2*g**3 - 12*g**2 - 10*g + 10. Determine x(-5).
10
Let s(u) = -28*u - 16. Determine s(0).
-16
Let r(u) = u**2 + 13*u - 14. Determine r(-14).
0
Let x(g) = 5*g + 127. Give x(-26).
-3
Let k(i) = 7*i - 124. What is k(17)?
-5
Let k(b) = 21*b - 55. Determine k(3).
8
Let d(c) = -8*c + 13. Calculate d(0).
13
Let o(a) = -a**2 + 4*a + 6. Calculate o(4).
6
Let b(z) = 24*z + 193. Determine b(-8).
1
Let d(o) = -o - 4. What is d(7)?
-11
Let q(t) = 14*t + 67. Give q(-4).
11
Let z(q) = -8*q - 24. Determine z(11).
-112
Let o(p) = -p**2 + 12*p + 9. What is o(11)?
20
Let z(c) = -c**2 + 37*c - 16. Determine z(37).
-16
Let b(l) = 2*l**3 - l**2 - 2*l. Give b(0).
0
Let n(s) = -s**3 - 4*s**2 - 9*s - 10. Determine n(-3).
8
Let x(n) = n**2 - 15*n + 47. Give x(11).
3
Let n(h) = -h**3 + 13*h**2 - 4*h + 22. What is n(13)?
-30
Let m(f) = -f + 13. Give m(-7).
20
Let k(f) = -3*f**2 + 12*f - 1. Determine k(3).
8
Let l(b) = -5*b + 6. What is l(5)?
-19
Let o(a) = a**3 + 11*a**2 - 14*a + 4. Give o(-12).
28
Let g(o) = -13*o + 220. Calculate g(17).
-1
Let r(f) = 11*f**3 + f**2 - f - 1. What is r(-1)?
-10
Let s(j) = -j + 8. Calculate s(11).
-3
Let c(h) = -h**3 + 10*h**2 + 2*h + 1. Give c(10).
21
Let l(w) = -w**3 - 8*w**2 - 7*w - 3. What is l(-5)?
-43
Let i(q) = q - 4. Calculate i(10).
6
Let v(c) = -c**3 + 20*c**2 - 21*c + 14. Determine v(19).
-24
Le